e remainder when h is divided by v/(-5) - 6/(-15)?
3
Suppose 3*j = -i + 22, -4*i + j + j + 46 = 0. Calculate the remainder when 24 is divided by i.
11
Suppose -14 = -n - 7. Suppose 0 = 2*o + c - 2*c - 20, 5*c = 3*o - 23. Calculate the remainder when o is divided by n.
4
Suppose -5*c + 289 = v, -3*c + 3*v = 7*v - 187. What is the remainder when c is divided by 12?
9
Let m = 5 - 0. Suppose w + 52 = m*w. What is the remainder when 25 is divided by w?
12
Let x = -12 + 8. Calculate the remainder when x/30 + (-2442)/(-90) is divided by 10.
7
Let d = -32 + 52. What is the remainder when 77 is divided by d?
17
Let w = -17 - -17. Suppose -x + 34 = n - 0*n, w = 4*n - x - 121. Suppose -3*i + 0*i + 48 = 0. What is the remainder when n is divided by i?
15
Let s = 6 + -1. Suppose 17 = 3*n - 4*x, 0*n = -4*n - s*x + 2. What is the remainder when 3/(-12) - 29/(-4) is divided by n?
1
Let v(w) = 2*w - 1. Let a be v(2). Suppose -116 = -h - a*h. Calculate the remainder when h is divided by 8.
5
Let t = 0 - -10. Calculate the remainder when -2 - (-1)/((-5)/(-155)) is divided by t.
9
Let h be 2/(-5)*(0 + 5). Calculate the remainder when (3 + h + -2)*-29 is divided by 10.
9
Let w = 8 + -6. Let s = w + 6. Calculate the remainder when 22 is divided by s.
6
Suppose -c + 2 = -2. Suppose -c*j + 0*f + 30 = -2*f, -4*f = 4*j - 48. What is the remainder when 35 is divided by j?
8
Let f(n) = n**3 + n - 4. Let y be f(0). Suppose -5*p - 3*i + 0*i = -31, 3*p - 3*i - 9 = 0. Let j = p + y. Calculate the remainder when 2 is divided by j.
0
Suppose -2*g + 4*b + 35 = 1, -4*g + 44 = -2*b. Suppose -g*x + 40 = -4*x. What is the remainder when x is divided by 3?
2
Suppose 3*z - 14 = -2*t, -z = -5*t + 3*t + 6. Suppose -5*p - 2*m + 110 = -0*p, -z*m = 4*p - 88. What is the remainder when p is divided by 6?
4
Suppose 0 = 4*n - 3*z - 53, -3*n = -0*z - 5*z - 48. What is the remainder when 17 is divided by n?
6
Let k(m) = 2*m**2 + 5*m + 1. Let g be k(-8). Calculate the remainder when g/4 - (-4)/(-16) is divided by 6.
4
Suppose 0 = -34*q + 32*q + 142. Calculate the remainder when q is divided by 18.
17
Let k = 12 + -5. Suppose 0 = -2*u + k*u. Suppose 9 = m - u*m. What is the remainder when 16 is divided by m?
7
Let o be 0 + 1 + 2 + 2. Suppose -4*g = 5*a - 37, -4*a = -g + o*g - 32. Calculate the remainder when (-22)/(-33) - (-13)/3 is divided by g.
2
Let b(s) = 17*s**2 - 1. Calculate the remainder when 29 is divided by b(1).
13
Let z(n) = 3*n**3 + 2*n - 1. What is the remainder when z(2) is divided by 5 + 12/((-8)/(-2)) + -1?
6
Let m(z) = z**3 - z**2 - 6*z + 3. Let b be m(4). Let l = -15 + b. Calculate the remainder when l is divided by 7.
5
Let p(x) = 4*x**3 + 2*x + 1. Let a be p(-1). What is the remainder when 3 is divided by (6/10 - 1)*a?
1
Let u = 128 + -75. Let p = u + -34. Suppose 0 = -5*j - 3*i + 284, -3*j - 159 = -6*j + 2*i. What is the remainder when j is divided by p?
17
Suppose -60 = -2*v + 34. Calculate the remainder when v is divided by 16.
15
Suppose 0 = 2*i - 8 - 2. What is the remainder when 17 is divided by i?
2
Let n = -21 + 13. What is the remainder when 13 is divided by (-37)/(-5) + n/20?
6
Let g(y) = 3*y - 13. What is the remainder when 101 is divided by g(13)?
23
Let a(n) = -3*n + 2. Suppose -2*r = -5*t - 226, -t + 3*r - 48 = 4*r. Let y = -32 - t. What is the remainder when a(-13) is divided by y?
13
Let x = 27 - 11. Suppose 5*u - 5*v = -0*u + 20, -4*u + 12 = -2*v. Suppose -u*b = 3*g - 22, 3 + 1 = g - b. What is the remainder when x is divided by g?
4
Let s = -22 - -26. Suppose -5*m + 4*f = -29 - 10, 5*f - 16 = -3*m. Calculate the remainder when m is divided by s.
3
Let x be 65 + 1 - (6 - 5). Suppose 0*f + x = 5*r - 2*f, -2*r + 10 = -4*f. What is the remainder when 43 is divided by r?
13
Suppose -5*b + 273 = 3*j, 4*j = b - 31 - 19. Let f be b/3*(-2)/(-2). Suppose -3*s + f = 3*d, d + 3*s + s + 3 = 0. What is the remainder when d is divided by 5?
4
Suppose 0 = 5*v - 5*c - 160, -2*c = 2*v - 0*c - 84. Calculate the remainder when v is divided by 14.
9
Suppose 0 = b + 4*b. Suppose 0 = -b*h + 4*h - 56. What is the remainder when 27 is divided by (h/10 - 1)*35?
13
Suppose 0*z + 3*z - 4*v - 8 = 0, 0 = -2*z - v + 20. Suppose -f = 6 - z. Calculate the remainder when f is divided by 1.
0
Suppose 5*t = 24 - 4, 2*t + 91 = 3*f. Calculate the remainder when 128/(-6)*18/(-4) is divided by f.
30
Suppose -5*k = -2*h + 7*h - 155, 2*k - 65 = h. Let d be 3/((-3)/k) + 0. Let p = -19 - d. What is the remainder when 37 is divided by p?
11
Let g(l) be the first derivative of l**3/3 + 3*l**2/2 + l + 1. What is the remainder when 906/54 + 4/18 is divided by g(-4)?
2
Suppose -z = -0*z - 3. Suppose -z = 5*r + h - 20, -r = -4*h + 5. Calculate the remainder when 6 is divided by r.
0
Suppose -r = -2*w - 169, -2*r - 3*w + w = -308. Calculate the remainder when r is divided by 32.
31
Let s be 10/5 - (-1)/1. Suppose 0 = f - s - 7. Suppose 3*r = 70 - 13. What is the remainder when r is divided by f?
9
Suppose 47 = 3*z - 124. What is the remainder when z is divided by 30?
27
Let c(u) = -u**3 - 8*u**2 - 8*u + 10. Let z be c(-7). Let v = z - 14. Calculate the remainder when v is divided by 1.
0
What is the remainder when 23 is divided by (7 + 2)/(9/12)?
11
Let b(a) = -a**3 + 3*a**2 + 6*a + 2. Suppose -x + 3*x - 26 = 0. Calculate the remainder when b(-3) is divided by x.
12
Let v be 9 - 2/((-2)/1). Let x = v - 6. Let y(c) = c**2 - 4*c + 5. Calculate the remainder when 9 is divided by y(x).
4
Suppose 4*y + 194 = 2*m, y + 3*m + 31 = -14. Let l = -139 - -249. Let i = y + l. What is the remainder when i is divided by 21?
20
Suppose -233 = -2*d - 37. What is the remainder when d is divided by 21?
14
Let w(q) = 2*q - 9. Suppose -3*r - 83 = -239. Suppose 5*v - r = 3*v. What is the remainder when v is divided by w(9)?
8
Suppose 0*p + 3*p - 45 = 0. Suppose -2*l + l + p = 0. Calculate the remainder when 42 is divided by l.
12
Suppose -4*g - 2*o + 29 = o, -4*o + 2 = 2*g. What is the remainder when g is divided by 4?
3
Let w = 15 + -11. Suppose 3*z - 35 = w*h + h, 5*z + h - 77 = 0. Calculate the remainder when 42 is divided by z.
12
Let n(j) = 3*j + 4. Suppose -2*c - 14 = -98. What is the remainder when c is divided by n(6)?
20
Let f(l) = l**3 + 3*l**2 + 2*l - 3. Let r be f(-3). Let d be r/6*(0 + 2). Let h = 6 + d. Calculate the remainder when 8 is divided by h.
2
Suppose -5*d = -q - 3*d + 11, 28 = 3*q - 5*d. What is the remainder when (6/(-2))/q - -77 is divided by 19?
17
Suppose 9*i - 12*i = -15. Calculate the remainder when i is divided by 2.
1
Suppose -j = n + j, -4*n - 3*j = -20. Let q be (-156)/(-15) - 6/15. Suppose -3*i = -i - q. What is the remainder when n is divided by i?
3
Suppose 0*n + 3*b + 65 = 2*n, 110 = 5*n + 3*b. Suppose 2*v = 5*x + 33, -3*v - 3*x + 12 + 27 = 0. Calculate the remainder when n is divided by v.
11
Let n = 2 + 20. Suppose -z + 33 + n = 2*s, s - 26 = z. What is the remainder when s is divided by 14?
13
Suppose -12*i + 7*i = -130. What is the remainder when i is divided by 14?
12
Suppose 74 = 4*p - 5*b, 35 = -4*p - 4*b + 91. What is the remainder when 26 is divided by p?
10
Suppose n - 15 = -c, 3*n = -2*n + 4*c + 39. Suppose -37 = -2*t + v, 2*v - 20 = -2*v. What is the remainder when t is divided by n?
10
Let m = 152 - 103. Let z(f) = 5*f - 3. Calculate the remainder when m is divided by z(4).
15
Let n(u) = u**2 + 8*u + 1. Let h be n(-9). Let o = h - 15. Calculate the remainder when 16 is divided by 2*1 + (2 - o).
7
Let b(j) = 16*j**3 + j**2 - 3*j + 2. Calculate the remainder when 78 is divided by b(1).
14
Suppose -44*g + 39*g = -55. What is the remainder when 108 is divided by g?
9
Suppose 0 = 2*m - 6, j = 3*m + 5 - 3. Calculate the remainder when j is divided by 6.
5
Let f(n) = -8*n - 3 + 15*n + 1 - 10*n. Suppose -3*m + 43 = 4*a, 4*m = 7*m + a - 31. What is the remainder when f(-6) is divided by m?
7
Let g(o) = -o**3 + 3*o**2 + 2*o - 2. Let j(l) = -2*l**3 + 5*l**2 + 4*l - 3. Let x(a) = 5*g(a) - 2*j(a). Calculate the remainder when 38 is divided by x(3).
18
Let o = -4 + 55. What is the remainder when 149 is divided by o?
47
Let a be ((-476)/(-10))/(2/10). Suppose v - 169 = -3*b, 0 = -4*b + 3*v + 2*v + a. Suppose 3*f - b = -0*f. Calculate the remainder when f is divided by 10.
9
Let c(z) = 3*z